[INFO] cloning repository https://github.com/Mimerme/Mimerme
[INFO] running `Command { std: "git" "-c" "credential.helper=" "-c" "credential.helper=/workspace/cargo-home/bin/git-credential-null" "clone" "--bare" "https://github.com/Mimerme/Mimerme" "/workspace/cache/git-repos/https%3A%2F%2Fgithub.com%2FMimerme%2FMimerme", kill_on_drop: false }`
[INFO] [stderr] Cloning into bare repository '/workspace/cache/git-repos/https%3A%2F%2Fgithub.com%2FMimerme%2FMimerme'...
[INFO] running `Command { std: "git" "rev-parse" "HEAD", kill_on_drop: false }`
[INFO] [stdout] df63a69dd00123b2eb2ab3520f84fe54a79a107d
[INFO] checking Mimerme/Mimerme against master#cfbc6d4cf1acbac5c025acf8ed68929caa551df3 for pr-75494-beta
[INFO] running `Command { std: "git" "clone" "/workspace/cache/git-repos/https%3A%2F%2Fgithub.com%2FMimerme%2FMimerme" "/workspace/builds/worker-12/source", kill_on_drop: false }`
[INFO] [stderr] Cloning into '/workspace/builds/worker-12/source'...
[INFO] [stderr] done.
[INFO] validating manifest of git repo https://github.com/Mimerme/Mimerme on toolchain cfbc6d4cf1acbac5c025acf8ed68929caa551df3
[INFO] running `Command { std: "/workspace/cargo-home/bin/cargo" "+cfbc6d4cf1acbac5c025acf8ed68929caa551df3" "read-manifest" "--manifest-path" "Cargo.toml", kill_on_drop: false }`
[INFO] started tweaking git repo https://github.com/Mimerme/Mimerme
[INFO] finished tweaking git repo https://github.com/Mimerme/Mimerme
[INFO] tweaked toml for git repo https://github.com/Mimerme/Mimerme written to /workspace/builds/worker-12/source/Cargo.toml
[INFO] crate git repo https://github.com/Mimerme/Mimerme already has a lockfile, it will not be regenerated
[INFO] running `Command { std: "/workspace/cargo-home/bin/cargo" "+cfbc6d4cf1acbac5c025acf8ed68929caa551df3" "fetch" "--locked" "--manifest-path" "Cargo.toml", kill_on_drop: false }`
[INFO] [stderr]  Downloading crates ...
[INFO] [stderr]   Downloaded ieee754 v0.2.6
[INFO] [stderr]   Downloaded snafu-derive v0.6.3
[INFO] [stderr]   Downloaded bindgen v0.53.2
[INFO] [stderr]   Downloaded newtype_derive v0.1.6
[INFO] [stderr]   Downloaded fs-utils v1.1.4
[INFO] [stderr]   Downloaded clang-sys v0.29.2
[INFO] [stderr]   Downloaded hts-sys v1.10.2
[INFO] [stderr]   Downloaded linear-map v1.2.0
[INFO] [stderr]   Downloaded snafu v0.6.0
[INFO] [stderr]   Downloaded bio-types v0.6.0
[INFO] [stderr]   Downloaded rust-htslib v0.29.0
[INFO] running `Command { std: "docker" "create" "-v" "/var/lib/crater-agent-workspace/builds/worker-12/target:/opt/rustwide/target:rw,Z" "-v" "/var/lib/crater-agent-workspace/builds/worker-12/source:/opt/rustwide/workdir:ro,Z" "-v" "/var/lib/crater-agent-workspace/cargo-home:/opt/rustwide/cargo-home:ro,Z" "-v" "/var/lib/crater-agent-workspace/rustup-home:/opt/rustwide/rustup-home:ro,Z" "-e" "SOURCE_DIR=/opt/rustwide/workdir" "-e" "CARGO_TARGET_DIR=/opt/rustwide/target" "-e" "CARGO_HOME=/opt/rustwide/cargo-home" "-e" "RUSTUP_HOME=/opt/rustwide/rustup-home" "-w" "/opt/rustwide/workdir" "-m" "1610612736" "--user" "0:0" "--network" "none" "rustops/crates-build-env@sha256:a636fd89d022f18117e1dc8fb37a0a009933cdbbe082814857f0e2024962d47c" "/opt/rustwide/cargo-home/bin/cargo" "+cfbc6d4cf1acbac5c025acf8ed68929caa551df3" "metadata" "--no-deps" "--format-version=1", kill_on_drop: false }`
[INFO] [stdout] 25d2705380aade2853ef89ff64d5d00a739534ff104bb2bcc7294bac714b157e
[INFO] [stderr] WARNING: Your kernel does not support swap limit capabilities or the cgroup is not mounted. Memory limited without swap.
[INFO] running `Command { std: "docker" "start" "-a" "25d2705380aade2853ef89ff64d5d00a739534ff104bb2bcc7294bac714b157e", kill_on_drop: false }`
[INFO] running `Command { std: "docker" "inspect" "25d2705380aade2853ef89ff64d5d00a739534ff104bb2bcc7294bac714b157e", kill_on_drop: false }`
[INFO] running `Command { std: "docker" "rm" "-f" "25d2705380aade2853ef89ff64d5d00a739534ff104bb2bcc7294bac714b157e", kill_on_drop: false }`
[INFO] [stdout] 25d2705380aade2853ef89ff64d5d00a739534ff104bb2bcc7294bac714b157e
[INFO] running `Command { std: "docker" "create" "-v" "/var/lib/crater-agent-workspace/builds/worker-12/target:/opt/rustwide/target:rw,Z" "-v" "/var/lib/crater-agent-workspace/builds/worker-12/source:/opt/rustwide/workdir:ro,Z" "-v" "/var/lib/crater-agent-workspace/cargo-home:/opt/rustwide/cargo-home:ro,Z" "-v" "/var/lib/crater-agent-workspace/rustup-home:/opt/rustwide/rustup-home:ro,Z" "-e" "SOURCE_DIR=/opt/rustwide/workdir" "-e" "CARGO_TARGET_DIR=/opt/rustwide/target" "-e" "CARGO_INCREMENTAL=0" "-e" "RUST_BACKTRACE=full" "-e" "RUSTFLAGS=--cap-lints=forbid" "-e" "CARGO_HOME=/opt/rustwide/cargo-home" "-e" "RUSTUP_HOME=/opt/rustwide/rustup-home" "-w" "/opt/rustwide/workdir" "-m" "1610612736" "--user" "0:0" "--network" "none" "rustops/crates-build-env@sha256:a636fd89d022f18117e1dc8fb37a0a009933cdbbe082814857f0e2024962d47c" "/opt/rustwide/cargo-home/bin/cargo" "+cfbc6d4cf1acbac5c025acf8ed68929caa551df3" "check" "--frozen" "--all" "--all-targets" "--message-format=json", kill_on_drop: false }`
[INFO] [stdout] d23f469f9bb092f5f7bf5c390892e20cd62778c6ba283e68643256ba3835db10
[INFO] [stderr] WARNING: Your kernel does not support swap limit capabilities or the cgroup is not mounted. Memory limited without swap.
[INFO] running `Command { std: "docker" "start" "-a" "d23f469f9bb092f5f7bf5c390892e20cd62778c6ba283e68643256ba3835db10", kill_on_drop: false }`
[INFO] [stderr]     Blocking waiting for file lock on package cache
[INFO] [stderr]     Blocking waiting for file lock on package cache
[INFO] [stderr]    Compiling glob v0.3.0
[INFO] [stderr]    Compiling lazy_static v1.4.0
[INFO] [stderr]    Compiling bindgen v0.53.2
[INFO] [stderr]    Compiling regex-syntax v0.6.17
[INFO] [stderr]    Compiling pkg-config v0.3.17
[INFO] [stderr]    Compiling semver v0.1.20
[INFO] [stderr]    Compiling lazycell v1.2.1
[INFO] [stderr]    Compiling cfg-if v0.1.10
[INFO] [stderr]    Compiling serde v1.0.105
[INFO] [stderr]     Checking matches v0.1.8
[INFO] [stderr]    Compiling doc-comment v0.3.3
[INFO] [stderr]     Checking smallvec v1.2.0
[INFO] [stderr]     Checking percent-encoding v2.1.0
[INFO] [stderr]     Checking custom_derive v0.1.7
[INFO] [stderr]     Checking linear-map v1.2.0
[INFO] [stderr]    Compiling fs-utils v1.1.4
[INFO] [stderr]    Compiling nom v5.1.1
[INFO] [stderr]     Checking itertools v0.8.2
[INFO] [stderr]    Compiling memchr v2.3.3
[INFO] [stderr]    Compiling bitflags v1.2.1
[INFO] [stderr]     Checking unicode-bidi v0.3.4
[INFO] [stderr]    Compiling thread_local v1.0.1
[INFO] [stderr]    Compiling libloading v0.5.2
[INFO] [stderr]    Compiling rustc_version v0.1.7
[INFO] [stderr]    Compiling syn v1.0.17
[INFO] [stderr]     Checking unicode-normalization v0.1.12
[INFO] [stderr]    Compiling aho-corasick v0.7.10
[INFO] [stderr]    Compiling newtype_derive v0.1.6
[INFO] [stderr]    Compiling libz-sys v1.0.25
[INFO] [stderr]    Compiling clang-sys v0.29.2
[INFO] [stderr]     Checking idna v0.2.0
[INFO] [stderr]     Checking url v2.1.1
[INFO] [stderr]    Compiling cexpr v0.4.0
[INFO] [stderr]    Compiling regex v1.3.6
[INFO] [stderr]    Compiling serde_derive v1.0.105
[INFO] [stderr]    Compiling snafu-derive v0.6.3
[INFO] [stderr]    Compiling derive-new v0.5.8
[INFO] [stderr]     Checking snafu v0.6.0
[INFO] [stderr]    Compiling hts-sys v1.10.2
[INFO] [stderr]     Checking bio-types v0.6.0
[INFO] [stderr]     Checking bincode v1.2.1
[INFO] [stderr] error: failed to run custom build command for `hts-sys v1.10.2`
[INFO] [stderr] 
[INFO] [stderr] Caused by:
[INFO] [stderr]   process didn't exit successfully: `/opt/rustwide/target/debug/build/hts-sys-7bdf53c306801b16/build-script-build` (exit code: 101)
[INFO] [stderr]   --- stdout
[INFO] [stderr]   OPT_LEVEL = Some("0")
[INFO] [stderr]   TARGET = Some("x86_64-unknown-linux-gnu")
[INFO] [stderr]   HOST = Some("x86_64-unknown-linux-gnu")
[INFO] [stderr]   CC_x86_64-unknown-linux-gnu = None
[INFO] [stderr]   CC_x86_64_unknown_linux_gnu = None
[INFO] [stderr]   HOST_CC = None
[INFO] [stderr]   CC = None
[INFO] [stderr]   CFLAGS_x86_64-unknown-linux-gnu = None
[INFO] [stderr]   CFLAGS_x86_64_unknown_linux_gnu = None
[INFO] [stderr]   HOST_CFLAGS = None
[INFO] [stderr]   CFLAGS = None
[INFO] [stderr]   CRATE_CC_NO_DEFAULTS = None
[INFO] [stderr]   DEBUG = Some("true")
[INFO] [stderr]   echo '/* Default config.h generated by Makefile */' > config.h
[INFO] [stderr]   echo '#ifndef __APPLE__' >> config.h
[INFO] [stderr]   echo '#define HAVE_LZMA_H 1' >> config.h
[INFO] [stderr]   echo '#endif' >> config.h
[INFO] [stderr]   echo '#define HAVE_DRAND48 1' >> config.h
[INFO] [stderr]   cc -ffunction-sections -fdata-sections -fPIC -g -fno-omit-frame-pointer -m64 -static -I.  -c -o kfunc.o kfunc.c
[INFO] [stderr]   cc -ffunction-sections -fdata-sections -fPIC -g -fno-omit-frame-pointer -m64 -static -I.  -c -o knetfile.o knetfile.c
[INFO] [stderr]   cc -ffunction-sections -fdata-sections -fPIC -g -fno-omit-frame-pointer -m64 -static -I.  -c -o kstring.o kstring.c
[INFO] [stderr]   cc -ffunction-sections -fdata-sections -fPIC -g -fno-omit-frame-pointer -m64 -static -I.  -c -o bcf_sr_sort.o bcf_sr_sort.c
[INFO] [stderr]   cc -ffunction-sections -fdata-sections -fPIC -g -fno-omit-frame-pointer -m64 -static -I.  -c -o bgzf.o bgzf.c
[INFO] [stderr]   cc -ffunction-sections -fdata-sections -fPIC -g -fno-omit-frame-pointer -m64 -static -I.  -c -o errmod.o errmod.c
[INFO] [stderr]   cc -ffunction-sections -fdata-sections -fPIC -g -fno-omit-frame-pointer -m64 -static -I.  -c -o faidx.o faidx.c
[INFO] [stderr]   cc -ffunction-sections -fdata-sections -fPIC -g -fno-omit-frame-pointer -m64 -static -I.  -c -o header.o header.c
[INFO] [stderr]   cc -ffunction-sections -fdata-sections -fPIC -g -fno-omit-frame-pointer -m64 -static -I.  -c -o hfile.o hfile.c
[INFO] [stderr]   cc -ffunction-sections -fdata-sections -fPIC -g -fno-omit-frame-pointer -m64 -static -I.  -c -o hfile_net.o hfile_net.c
[INFO] [stderr]   echo '#define HTS_VERSION_TEXT "1.10.2"' > version.h
[INFO] [stderr]   cc -ffunction-sections -fdata-sections -fPIC -g -fno-omit-frame-pointer -m64 -static -I.  -c -o hts.o hts.c
[INFO] [stderr]   cc -ffunction-sections -fdata-sections -fPIC -g -fno-omit-frame-pointer -m64 -static -I.  -c -o hts_os.o hts_os.c
[INFO] [stderr]   cc -ffunction-sections -fdata-sections -fPIC -g -fno-omit-frame-pointer -m64 -static -I.  -c -o md5.o md5.c
[INFO] [stderr]   cc -ffunction-sections -fdata-sections -fPIC -g -fno-omit-frame-pointer -m64 -static -I.  -c -o multipart.o multipart.c
[INFO] [stderr]   cc -ffunction-sections -fdata-sections -fPIC -g -fno-omit-frame-pointer -m64 -static -I.  -c -o probaln.o probaln.c
[INFO] [stderr]   cc -ffunction-sections -fdata-sections -fPIC -g -fno-omit-frame-pointer -m64 -static -I.  -c -o realn.o realn.c
[INFO] [stderr]   cc -ffunction-sections -fdata-sections -fPIC -g -fno-omit-frame-pointer -m64 -static -I.  -c -o regidx.o regidx.c
[INFO] [stderr]   cc -ffunction-sections -fdata-sections -fPIC -g -fno-omit-frame-pointer -m64 -static -I.  -c -o region.o region.c
[INFO] [stderr]   cc -ffunction-sections -fdata-sections -fPIC -g -fno-omit-frame-pointer -m64 -static -I.  -c -o sam.o sam.c
[INFO] [stderr]   cc -ffunction-sections -fdata-sections -fPIC -g -fno-omit-frame-pointer -m64 -static -I.  -c -o synced_bcf_reader.o synced_bcf_reader.c
[INFO] [stderr]   cc -ffunction-sections -fdata-sections -fPIC -g -fno-omit-frame-pointer -m64 -static -I.  -c -o vcf_sweep.o vcf_sweep.c
[INFO] [stderr]   cc -ffunction-sections -fdata-sections -fPIC -g -fno-omit-frame-pointer -m64 -static -I.  -c -o tbx.o tbx.c
[INFO] [stderr]   cc -ffunction-sections -fdata-sections -fPIC -g -fno-omit-frame-pointer -m64 -static -I.  -c -o textutils.o textutils.c
[INFO] [stderr]   cc -ffunction-sections -fdata-sections -fPIC -g -fno-omit-frame-pointer -m64 -static -I.  -c -o thread_pool.o thread_pool.c
[INFO] [stderr]   cc -ffunction-sections -fdata-sections -fPIC -g -fno-omit-frame-pointer -m64 -static -I.  -c -o vcf.o vcf.c
[INFO] [stderr]   cc -ffunction-sections -fdata-sections -fPIC -g -fno-omit-frame-pointer -m64 -static -I.  -c -o vcfutils.o vcfutils.c
[INFO] [stderr]   cc -ffunction-sections -fdata-sections -fPIC -g -fno-omit-frame-pointer -m64 -static -I.  -c -o cram/cram_codecs.o cram/cram_codecs.c
[INFO] [stderr]   cc -ffunction-sections -fdata-sections -fPIC -g -fno-omit-frame-pointer -m64 -static -I.  -c -o cram/cram_decode.o cram/cram_decode.c
[INFO] [stderr]   cc -ffunction-sections -fdata-sections -fPIC -g -fno-omit-frame-pointer -m64 -static -I.  -c -o cram/cram_encode.o cram/cram_encode.c
[INFO] [stderr]   cc -ffunction-sections -fdata-sections -fPIC -g -fno-omit-frame-pointer -m64 -static -I.  -c -o cram/cram_external.o cram/cram_external.c
[INFO] [stderr]   cc -ffunction-sections -fdata-sections -fPIC -g -fno-omit-frame-pointer -m64 -static -I.  -c -o cram/cram_index.o cram/cram_index.c
[INFO] [stderr]   cc -ffunction-sections -fdata-sections -fPIC -g -fno-omit-frame-pointer -m64 -static -I.  -c -o cram/cram_io.o cram/cram_io.c
[INFO] [stderr]   cc -ffunction-sections -fdata-sections -fPIC -g -fno-omit-frame-pointer -m64 -static -I.  -c -o cram/cram_samtools.o cram/cram_samtools.c
[INFO] [stderr]   cc -ffunction-sections -fdata-sections -fPIC -g -fno-omit-frame-pointer -m64 -static -I.  -c -o cram/cram_stats.o cram/cram_stats.c
[INFO] [stderr]   cc -ffunction-sections -fdata-sections -fPIC -g -fno-omit-frame-pointer -m64 -static -I.  -c -o cram/mFILE.o cram/mFILE.c
[INFO] [stderr]   cc -ffunction-sections -fdata-sections -fPIC -g -fno-omit-frame-pointer -m64 -static -I.  -c -o cram/open_trace_file.o cram/open_trace_file.c
[INFO] [stderr]   cc -ffunction-sections -fdata-sections -fPIC -g -fno-omit-frame-pointer -m64 -static -I.  -c -o cram/pooled_alloc.o cram/pooled_alloc.c
[INFO] [stderr]   cc -ffunction-sections -fdata-sections -fPIC -g -fno-omit-frame-pointer -m64 -static -I.  -c -o cram/rANS_static.o cram/rANS_static.c
[INFO] [stderr]   cc -ffunction-sections -fdata-sections -fPIC -g -fno-omit-frame-pointer -m64 -static -I.  -c -o cram/string_alloc.o cram/string_alloc.c
[INFO] [stderr]   cc -ffunction-sections -fdata-sections -fPIC -g -fno-omit-frame-pointer -m64 -static -I.  -c -o hfile_libcurl.o hfile_libcurl.c
[INFO] [stderr] 
[INFO] [stderr]   --- stderr
[INFO] [stderr]   hfile_libcurl.c:47:10: fatal error: curl/curl.h: No such file or directory
[INFO] [stderr]      47 | #include <curl/curl.h>
[INFO] [stderr]         |          ^~~~~~~~~~~~~
[INFO] [stderr]   compilation terminated.
[INFO] [stderr]   make: *** [Makefile:133: hfile_libcurl.o] Error 1
[INFO] [stderr]   thread 'main' panicked at 'failed to build htslib', /opt/rustwide/cargo-home/registry/src/github.com-1ecc6299db9ec823/hts-sys-1.10.2/build.rs:86:9
[INFO] [stderr]   stack backtrace:
[INFO] [stderr]      0:     0x561fb708fc15 - backtrace::backtrace::libunwind::trace::h5e2646fa3eddf2ea
[INFO] [stderr]                                  at /cargo/registry/src/github.com-1ecc6299db9ec823/backtrace-0.3.46/src/backtrace/libunwind.rs:86
[INFO] [stderr]      1:     0x561fb708fc15 - backtrace::backtrace::trace_unsynchronized::hb95dd7f77ce47877
[INFO] [stderr]                                  at /cargo/registry/src/github.com-1ecc6299db9ec823/backtrace-0.3.46/src/backtrace/mod.rs:66
[INFO] [stderr]      2:     0x561fb708fc15 - std::sys_common::backtrace::_print_fmt::h5e71b67af43fd70d
[INFO] [stderr]                                  at src/libstd/sys_common/backtrace.rs:78
[INFO] [stderr]      3:     0x561fb708fc15 - <std::sys_common::backtrace::_print::DisplayBacktrace as core::fmt::Display>::fmt::hdb4a83d2b61107e5
[INFO] [stderr]                                  at src/libstd/sys_common/backtrace.rs:59
[INFO] [stderr]      4:     0x561fb70bba1c - core::fmt::write::ha20e7262fa3e8a7a
[INFO] [stderr]                                  at src/libcore/fmt/mod.rs:1076
[INFO] [stderr]      5:     0x561fb708b6d2 - std::io::Write::write_fmt::h1aebfe8a5a79e36d
[INFO] [stderr]                                  at src/libstd/io/mod.rs:1537
[INFO] [stderr]      6:     0x561fb7092b70 - std::sys_common::backtrace::_print::h9c07314cc66ba539
[INFO] [stderr]                                  at src/libstd/sys_common/backtrace.rs:62
[INFO] [stderr]      7:     0x561fb7092b70 - std::sys_common::backtrace::print::hd1fd65f49a2d8544
[INFO] [stderr]                                  at src/libstd/sys_common/backtrace.rs:49
[INFO] [stderr]      8:     0x561fb7092b70 - std::panicking::default_hook::{{closure}}::h222da46485ab36fc
[INFO] [stderr]                                  at src/libstd/panicking.rs:198
[INFO] [stderr]      9:     0x561fb70928bc - std::panicking::default_hook::hc5868949d129ed00
[INFO] [stderr]                                  at src/libstd/panicking.rs:217
[INFO] [stderr]     10:     0x561fb70931b3 - std::panicking::rust_panic_with_hook::h26a6ab8b0993c0c8
[INFO] [stderr]                                  at src/libstd/panicking.rs:526
[INFO] [stderr]     11:     0x561fb6ff9cb9 - std::panicking::begin_panic::ha1a7682d3597fda8
[INFO] [stderr]                                  at /rustc/cfbc6d4cf1acbac5c025acf8ed68929caa551df3/src/libstd/panicking.rs:456
[INFO] [stderr]     12:     0x561fb6aaa515 - build_script_build::main::h3fb8be33569872ce
[INFO] [stderr]                                  at /opt/rustwide/cargo-home/registry/src/github.com-1ecc6299db9ec823/hts-sys-1.10.2/build.rs:86
[INFO] [stderr]     13:     0x561fb6aabe8b - std::rt::lang_start::{{closure}}::h071ea27e3cbcd18d
[INFO] [stderr]                                  at /rustc/cfbc6d4cf1acbac5c025acf8ed68929caa551df3/src/libstd/rt.rs:67
[INFO] [stderr]     14:     0x561fb7093653 - std::rt::lang_start_internal::{{closure}}::h84a998219831fa70
[INFO] [stderr]                                  at src/libstd/rt.rs:52
[INFO] [stderr]     15:     0x561fb7093653 - std::panicking::try::do_call::he8e1d689a3e26def
[INFO] [stderr]                                  at src/libstd/panicking.rs:348
[INFO] [stderr]     16:     0x561fb7093653 - std::panicking::try::h264b6eebc2fa7bbf
[INFO] [stderr]                                  at src/libstd/panicking.rs:325
[INFO] [stderr]     17:     0x561fb7093653 - std::panic::catch_unwind::hbf28fafa723b2128
[INFO] [stderr]                                  at src/libstd/panic.rs:394
[INFO] [stderr]     18:     0x561fb7093653 - std::rt::lang_start_internal::he959aa59bc3ec202
[INFO] [stderr]                                  at src/libstd/rt.rs:51
[INFO] [stderr]     19:     0x561fb6aabe67 - std::rt::lang_start::ha2c25a2bcfafadd5
[INFO] [stderr]                                  at /rustc/cfbc6d4cf1acbac5c025acf8ed68929caa551df3/src/libstd/rt.rs:67
[INFO] [stderr]     20:     0x561fb6aab7da - main
[INFO] [stderr]     21:     0x7f843a4bd0b3 - __libc_start_main
[INFO] [stderr]     22:     0x561fb6aa91be - _start
[INFO] [stderr]     23:                0x0 - <unknown>
[INFO] running `Command { std: "docker" "inspect" "d23f469f9bb092f5f7bf5c390892e20cd62778c6ba283e68643256ba3835db10", kill_on_drop: false }`
[INFO] running `Command { std: "docker" "rm" "-f" "d23f469f9bb092f5f7bf5c390892e20cd62778c6ba283e68643256ba3835db10", kill_on_drop: false }`
[INFO] [stdout] d23f469f9bb092f5f7bf5c390892e20cd62778c6ba283e68643256ba3835db10
